{"id":172,"date":"2015-11-23T10:53:59","date_gmt":"2015-11-23T10:53:59","guid":{"rendered":"https:\/\/8theme.com\/import\/lifestyle\/?page_id=172"},"modified":"2021-02-28T21:57:13","modified_gmt":"2021-03-01T02:57:13","slug":"acerca-de","status":"publish","type":"page","link":"https:\/\/ecologicamagazine.ec\/sitio\/acerca-de\/","title":{"rendered":"Acerca de"},"content":{"rendered":"<div class=\"wpb-content-wrapper\"><p>[vc_row][vc_column width=\u00bb1\/2&#8243;][vc_carousel_father theme=\u00bbcontent-over-slider\u00bb dotclr=\u00bb#000000&#8243;][vc_carousel_son image_id=\u00bb9229&#8243; img_width=\u00bb546px\u00bb img_height=\u00bb842px\u00bb][\/vc_carousel_son][vc_carousel_son image_id=\u00bb9227&#8243; img_width=\u00bb596px\u00bb img_height=\u00bb842px\u00bb][\/vc_carousel_son][vc_carousel_son image_id=\u00bb9228&#8243; img_width=\u00bb546px\u00bb img_height=\u00bb842px\u00bb][\/vc_carousel_son][vc_carousel_son image_id=\u00bb9331&#8243; img_width=\u00bb546px\u00bb img_height=\u00bb842px\u00bb][\/vc_carousel_son][vc_carousel_son image_id=\u00bb9477&#8243; img_width=\u00bb546px\u00bb img_height=\u00bb842px\u00bb]<\/p>\n<h2 style=\"text-align: center;\"><\/h2>\n<p>[\/vc_carousel_son][vc_carousel_son image_id=\u00bb9550&#8243; img_width=\u00bb546px\u00bb img_height=\u00bb842px\u00bb][\/vc_carousel_son][\/vc_carousel_father][\/vc_column][vc_column width=\u00bb1\/2&#8243;][vc_column_text]<\/p>\n<h2><strong>ECOL\u00d3GICA MAGAZINE<sup>\u00ae<\/sup><\/strong><\/h2>\n<h3><strong>Es parte de un proyecto que promueve la cultura ambiental con responsabilidad.\u00a0<\/strong><\/h3>\n<p>[\/vc_column_text][vc_separator color=\u00bbgreen\u00bb border_width=\u00bb4&#8243;][vc_row_inner][vc_column_inner width=\u00bb1\/2&#8243;][vc_column_text]Contamos con una revista especializada, como principal medio de difusi\u00f3n, cuyo objetivo es: sensibilizar sobre la necesidad del cuidado de la naturaleza y aportar al fortalecimiento de una cultura ecol\u00f3gica en la zona central del Ecuador.<\/p>\n<p>Este proyecto responde a la necesidad de la ciudadan\u00eda de conocer sobre pr\u00e1cticas amigables con el ambiente, impulsadas por actores p\u00fablicos y privados de la localidad, adem\u00e1s para concientizar c\u00f3mo su actitud influye en la conservaci\u00f3n y cuidado del entorno, para ayudar a enfrentar la actual crisis global.<\/p>\n<p>Como parte de nuestro componente de responsabilidad ambiental empresarial, promovemos actividades con ni\u00f1os y j\u00f3venes mediante los denominados <strong>Guardianes Ambientales\u00ae,<\/strong> desarrollando capacidades cr\u00edticas para reconocer la naturaleza, identificar problemas en el entorno, proponer soluciones replicables y ser portavoces de la cultura ambiental.<\/p>\n<p>Nuestra propuesta incluye la organizaci\u00f3n de actividades complementarias como foros, conversatorios, charlas u otras actividades conforme el inter\u00e9s y necesidades del p\u00fablico interesado.[\/vc_column_text][\/vc_column_inner][vc_column_inner width=\u00bb1\/2&#8243;][vc_column_text]<strong>VISI\u00d3N<\/strong><\/p>\n<p style=\"text-align: justify;\">Ser una fuente innovadora de orientaci\u00f3n y consulta, proporcionando art\u00edculos y an\u00e1lisis objetivos e imparciales de forma independiente, que orienten a los tomadores de decisi\u00f3n y ciudadan\u00eda a trav\u00e9s de la descripci\u00f3n de la situaci\u00f3n ambiental de la regi\u00f3n.<\/p>\n<p><strong>MISI\u00d3N<\/strong><\/p>\n<p style=\"text-align: justify;\">Somos un proyecto educativo comunicacional multiplataforma que busca concientizar a los lectores sobre el cuidado de la naturaleza. Describimos actividades de las provincias de la zona central del Ecuador (Tungurahua, Cotopaxi, Chimborazo y Pastaza) aportando con la cultura ambiental y desarrollo sostenible de la regi\u00f3n central del pa\u00eds.<\/p>\n<p>&nbsp;<\/p>\n<p><strong>VALORES<\/strong><\/p>\n<ol>\n<li>Honestidad<\/li>\n<li>\u00c9tica<\/li>\n<li>Objetividad<\/li>\n<li>Imparcialidad<\/li>\n<li>Independencia<\/li>\n<li>Profesionalismo<\/li>\n<li>Respeto al medio ambiente<\/li>\n<\/ol>\n<p>[\/vc_column_text][\/vc_column_inner][\/vc_row_inner][\/vc_column][\/vc_row][vc_row][vc_column][vc_wp_text title=\u00bbSomos parte de:\u00bb]<img loading=\"lazy\" decoding=\"async\" class=\"alignnone size-full wp-image-10430\" src=\"https:\/\/ecologicamagazine.ec\/sitio\/wp-content\/uploads\/2021\/02\/Alianza_Basura_Cero.png\" alt=\"Alianza Basura Cero\" width=\"268\" height=\"76\" \/>[\/vc_wp_text][\/vc_column][\/vc_row]<\/p>\n<\/div>","protected":false},"excerpt":{"rendered":"<p>[vc_row][vc_column width=\u00bb1\/2&#8243;][vc_carousel_father theme=\u00bbcontent-over-slider\u00bb dotclr=\u00bb#000000&#8243;][vc_carousel_son image_id=\u00bb9229&#8243; img_width=\u00bb546px\u00bb img_height=\u00bb842px\u00bb][\/vc_carousel_son][vc_carousel_son image_id=\u00bb9227&#8243; img_width=\u00bb596px\u00bb img_height=\u00bb842px\u00bb][\/vc_carousel_son][vc_carousel_son image_id=\u00bb9228&#8243; img_width=\u00bb546px\u00bb img_height=\u00bb842px\u00bb][\/vc_carousel_son][vc_carousel_son image_id=\u00bb9331&#8243; img_width=\u00bb546px\u00bb img_height=\u00bb842px\u00bb][\/vc_carousel_son][vc_carousel_son image_id=\u00bb9477&#8243; img_width=\u00bb546px\u00bb img_height=\u00bb842px\u00bb] [\/vc_carousel_son][vc_carousel_son image_id=\u00bb9550&#8243; img_width=\u00bb546px\u00bb img_height=\u00bb842px\u00bb][\/vc_carousel_son][\/vc_carousel_father][\/vc_column][vc_column width=\u00bb1\/2&#8243;][vc_column_text] ECOL\u00d3GICA MAGAZINE\u00ae Es parte de un proyecto que promueve la cultura ambiental con responsabilidad.\u00a0 [\/vc_column_text][vc_separator color=\u00bbgreen\u00bb border_width=\u00bb4&#8243;][vc_row_inner][vc_column_inner width=\u00bb1\/2&#8243;][vc_column_text]Contamos con una revista especializada, como principal medio de difusi\u00f3n, cuyo objetivo es: sensibilizar&#8230;<\/p>\n","protected":false},"author":557,"featured_media":0,"parent":0,"menu_order":0,"comment_status":"closed","ping_status":"closed","template":"","meta":{"_vp_format_video_url":"","_vp_image_focal_point":[],"footnotes":""},"class_list":["post-172","page","type-page","status-publish","hentry"],"_links":{"self":[{"href":"https:\/\/ecologicamagazine.ec\/sitio\/wp-json\/wp\/v2\/pages\/172","targetHints":{"allow":["GET"]}}],"collection":[{"href":"https:\/\/ecologicamagazine.ec\/sitio\/wp-json\/wp\/v2\/pages"}],"about":[{"href":"https:\/\/ecologicamagazine.ec\/sitio\/wp-json\/wp\/v2\/types\/page"}],"author":[{"embeddable":true,"href":"https:\/\/ecologicamagazine.ec\/sitio\/wp-json\/wp\/v2\/users\/557"}],"replies":[{"embeddable":true,"href":"https:\/\/ecologicamagazine.ec\/sitio\/wp-json\/wp\/v2\/comments?post=172"}],"version-history":[{"count":48,"href":"https:\/\/ecologicamagazine.ec\/sitio\/wp-json\/wp\/v2\/pages\/172\/revisions"}],"predecessor-version":[{"id":10438,"href":"https:\/\/ecologicamagazine.ec\/sitio\/wp-json\/wp\/v2\/pages\/172\/revisions\/10438"}],"wp:attachment":[{"href":"https:\/\/ecologicamagazine.ec\/sitio\/wp-json\/wp\/v2\/media?parent=172"}],"curies":[{"name":"wp","href":"https:\/\/api.w.org\/{rel}","templated":true}]}}